r?
True
Suppose -p + 3*x = 7, 2*p + 0*x + 14 = x. Let r(q) = -111*q - 8. Is r(p) a prime number?
True
Let t = 3 + 31. Is 2 + (-9)/3 + t composite?
True
Suppose 9*j - 6*j + 58732 = 5*x, -58739 = -5*x - 4*j. Is x composite?
True
Let b(p) = p**3 + 9*p**2 - p - 7. Let g be b(-9). Let l be (-36)/g*6/12. Is (3/2)/(l/(-1578)) composite?
False
Let w be (-24)/9*60/(-16). Suppose 2*u + w = 0, 20 = 4*v + v - u. Suppose 2*o - 5*q - 114 = 0, v*q + 127 = 3*o - 62. Is o prime?
True
Is (20487 - -14) + (-12)/2 composite?
True
Let j be 1906/3 + ((-20)/15)/4. Is (0 - j/(-15))/(2/6) a composite number?
False
Let c = 59 - -192. Is c a prime number?
True
Let s(r) = -6*r + 6*r + 41*r**2 + 3 - 1. Let n be 2/3 - 16/(-12). Is s(n) a prime number?
False
Suppose 24140 = 5*h + 15*h. Is h a prime number?
False
Suppose 4*n + g - 305 = 0, 2*g = 2*n - g - 149. Suppose -5*f + 2*c - 165 = 3*c, -4*c = -3*f - n. Let d = f + 91. Is d a composite number?
False
Suppose -7*k + 197 = -356. Suppose -k = -3*t + r, t - 21 = r - 2*r. Is t composite?
True
Suppose -227 - 468 = -u. Suppose 15*q - 10*q - u = 0. Is q composite?
False
Let c(u) = -118*u**3 + 3*u + 4. Is c(-3) prime?
True
Suppose 21 = 5*x - 4*g, 5*x - 37 = -4*g - 8. Suppose -9*t + 20 = -x*t. Suppose d - t*q = 6*d - 590, 4*q + 319 = 3*d. Is d a composite number?
False
Let t = -480 + 297. Let l = -6 - t. Is l a composite number?
True
Suppose 2*h + 12 = -h, -3*j + 4*h = 16790. Is (-6)/2 + (-8 - j) composite?
False
Let k be (-3)/(6/8) + -2. Let t be (13/52 - 3/(-4)) + -819. Is t/(-6)*(k + 9) composite?
False
Let u = -9547 - -15896. Is u a prime number?
False
Suppose -3*o + 77 = 5*i, 0 = o - 3 - 1. Is i a composite number?
False
Let p(m) = 5*m**2 - 2*m**2 - 4*m**3 + 10*m**2 - 4*m - 93 + 95. Let c(k) = -5*k**3 + 14*k**2 - 3*k + 1. Let f(v) = -3*c(v) + 4*p(v). Is f(9) composite?
False
Suppose 3 = -3*l + 9. Suppose -2*h + 1154 = 3*b, 0 = -5*h + l*b - 84 + 3007. Is h prime?
False
Let g(l) = -58*l + 19. Let o(j) = 2*j - 10. Let u be o(3). Is g(u) a composite number?
False
Let k be ((-5)/(-35) - (-874)/7) + 0. Suppose 3*a - 354 = -4*t, -t = a - 2*t - k. Is a a composite number?
True
Let b(n) = -n**2 - n + 8663. Is b(0) composite?
False
Suppose -1 + 0 = t. Let u(a) = 98*a**2 + 137*a**2 - 143*a**2 - 1 + 160*a**2. Is u(t) a composite number?
False
Let s(j) = -3*j**3 + 2*j**2 - 17*j + 3. Let r(q) = q**3 - q**2 + 6*q - 1. Let u = 7 - -1. Let y(n) = u*r(n) + 3*s(n). Is y(-6) prime?
True
Let y be (-1 - (-35)/14)/((-6)/32). Suppose -5*k = 4*r + 140 + 110, -2*r - 124 = 3*k. Let o = y - r. Is o composite?
True
Let k(o) = 7*o**2 + 2*o. Suppose -u - 1 = -3. Suppose 4 + 8 = -2*b + w, 2*w - 10 = u*b. Is k(b) a prime number?
False
Let m = 46 - 42. Let l = 27 - 19. Is (-4)/l + 358/m composite?
False
Let u(n) be the first derivative of -n**2/2 + 6*n - 7. Let y be u(0). Suppose 8*a = y*a + 116. Is a composite?
True
Let z = -17033 + 25614. Is z composite?
False
Let r = -29 - -22. Let n(a) = -3*a - 16. Let q be n(r). Suppose -3526 = -q*j + 1249. Is j a prime number?
False
Let h = 41 + -77. Let u be -5*(0 + -2 + 5). Let n = u - h. Is n a prime number?
False
Suppose 4*x - 535 = d, -68 = -3*d - x - 1660. Let h = 1586 + d. Is h a prime number?
False
Let h(s) = -882*s**3 - 2*s**2 + 25*s + 62. Is h(-3) a prime number?
False
Suppose 3 - 1 = n. Suppose n*f - 344 = 90. Is f composite?
True
Suppose 2*n - c = 377426, 0*c - 2*c = 8. Is n prime?
True
Let u be 0*3/6 - -4. Suppose y = t + 1405, -u*t = -0*y + 2*y - 2792. Is y a prime number?
False
Let j = -143 - -99. Is 4458/14 - j/77 composite?
True
Let h(i) = -161*i + 17. Let s be h(-6). Let v = s + 330. Is v prime?
False
Let l = -19827 + 29698. Is l a prime number?
True
Suppose 0 = 3*l + 2*z + 50, 2*l + 34 = -l + 2*z. Let p = -288 - -108. Let k = l - p. Is k a composite number?
True
Is 2/(-6)*(-5 + 10 + -24794) a composite number?
False
Let c = 266 + -127. Let m(g) = -43*g - 1. Let i be m(-1). Let a = c - i. Is a prime?
True
Suppose -5*r - 5*v = 25, -5*r + 0 = -5*v - 25. Suppose r = -g, 2*p - 2*g - 3058 - 1140 = 0. Is p a composite number?
False
Suppose -16 + 4 = i + 2*x, 3*i + 5*x = -32. Let f = i - -6. Is f/7 - 94/(-14) composite?
False
Let j be (-15)/2*6/(-15). Suppose 2*w - 4*w = -2*s + 7704, 2*s - 7709 = j*w. Is s composite?
False
Let r(a) = 2*a**2 - 18*a + 32. Let u be r(7). Suppose q - 12 = -2*q. Is (10/q)/(u/184) a composite number?
True
Suppose -2*c - 2*z - 565 = 3*c, 2*z - 452 = 4*c. Let i = c - -196. Is i a prime number?
True
Let o(m) = 71*m - 36. Suppose -44*q + 33 = -41*q. Is o(q) a composite number?
True
Suppose 5*q = 3*i - 7*i + 34003, -q + 3*i = -6812. Let b = 9756 - q. Is b prime?
True
Let p(w) = -2822*w + 505. Is p(-9) a composite number?
False
Let h(n) = n**2 - 4*n - 1. Let a be h(5). Suppose 2*p - 4*p = 4*m, -a*m = p - 6. Is (-5)/(-30) + (-53)/p composite?
True
Let s(p) be the first derivative of -2*p**3/3 - p**2/2 - 1. Let m be s(-1). Is m/(-5) + 1088/10 a composite number?
False
Let p(k) = -k**2 - 17*k + 5. Let x be p(-17). Suppose -x*j + 4 = -6, -2*a = j - 52. Is a a prime number?
False
Let i = 91 + 2683. Is (-12)/(-8)*i/3 a composite number?
True
Suppose -2*m - 22 = -2*w, -3*m = -5*m - w - 19. Let v(s) = -3*s + 21. Is v(m) a composite number?
True
Let c(u) = -u**2 - 7*u + 1. Let g be c(-7). Suppose 3 = -4*v - g, -v + 219 = 4*d. Is d a prime number?
False
Let w(j) = j. Let u = 10 - 8. Let f be w(u). Suppose f*y + y - 573 = 0. Is y a prime number?
True
Let w(b) = -b**3 + 2*b**2 + 14*b - 5. Is w(-16) a prime number?
False
Let n = 1214 - 921. Is n composite?
False
Let p be ((-24)/(-7))/((-20)/(-490)). Is (p/9)/((-4)/(-6)) a composite number?
True
Suppose 15*q - 56044 = 91931. Is q composite?
True
Is 10 - 11 - 4887*-2 a prime number?
False
Let w = -2309 + 1307. Let k = w + 1553. Is k a prime number?
False
Suppose 0 = -2*f - 2, 3*w + 8 = f. Is w + (4 + 109 - 1) a composite number?
False
Let c = 59 - 31. Let z be (-12)/c + (-311)/(-7). Suppose -5*w = -3*x - z, -2*w + 4*w + 5*x = 30. Is w composite?
True
Suppose 9*m - 191862 = 61767. Is m prime?
True
Let d(v) = 43*v**2 + 48*v - 8. Is d(9) prime?
True
Let d(x) = -1102*x + 899. Is d(-42) composite?
True
Let a(z) = -z**3 - 2*z**2 + 4*z - 81. Is a(-20) a composite number?
False
Let s = -3468 - -6326. Let d = s + -1741. Is d composite?
False
Let h be -1 + (0 - (-1 - 3)). Suppose -4*r + 4*i = -h*r + 312, -3*i + 1222 = -4*r. Let m = -165 - r. Is m a prime number?
True
Suppose 6*v - 17 - 1 = 0. Suppose y - 3*w + 3223 = 6*y, -2*w = v*y - 1933. Is y a composite number?
False
Let l = -15392 - -35439. Is l a prime number?
True
Suppose -4 = l - 0. Let f(o) = o**2 + 5*o + 1. Let d be f(l). Is (2 + -1)/(d/(-993)) composite?
False
Suppose -s + 2446 = 397. Suppose -1127 = -8*h + s. Is h prime?
True
Suppose v - 204 = 5*b, v + 1062 = 6*v - 4*b. Is v prime?
False
Let z = -42 - -44. Is 9653/14 + 3/z a prime number?
True
Let i be (-18)/3*(-5)/(-15). Is (194/(-6))/(i/6) a composite number?
False
Is ((-21)/3 - -7907) + 3 a prime number?
False
Let x(h) = -h + 1. Let m(g) = 2*g + 11. Let q(i) = m(i) - 4*x(i). Let b = -12 + 17. Is q(b) a prime number?
True
Suppose -88*p - 19677 = -95*p. Is p composite?
True
Let j be (-3)/(-12)*2*0. Suppose 2*w - t + 1262 = 6*w, -3*w + 4*t + 937 = j. Suppose -5*x + 4*s + 1009 = 0, w = 4*x - 4*s - 489. Is x prime?
False
Let v(i) be the third derivative of -i**6/120 - i**5/5 + 5*i**4/24 + 5*i**3/2 + 5*i**2. Is v(-14) a composite number?
False
Let b(u) = -u**2 + 292*u + 41. Is b(54) prime?
True
Let k be -65 + 0 + -4 - -3. Let a = k - -157. Is a prime?
False
Let d(s) = 6316*s + 141. Is d(8) a prime number?
False
Suppose 0 = 2*i + 3*i - y - 13, 3*i - y = 9. Let a(n) = 866*n - 1. Is a(i) prime?
False
Let o(s) = -9671*s - 24. Is o(-1) prime?
False
Let d(g) = 7*g + 1. Let b be d(1). Let x(i) = 1 - 2 + 3*i + b*i**2 + 4. Is x(-4) prime?
False
Suppose -32 = -3*k + 5*m, -14 = -5*k + m + 10. Suppose -4*y - 1028 = -k*x, 4*y + 20 = 4. Is x a composite number?
True
Let o be 24/9*(-36)/16. Let r be 2 - 2 - 2502/o. Suppose r = 4*v - 347. Is v prime?
True
Let o(u) = 58*u + 3*u**2 - 2*u**2 + 45 - 55*u + 166. Is o(0) composite?
False
Suppose -10*a = -5*a - 45. Suppose 0 = 5*z - 2*z - a. Suppose 5*j + o = z*o + 721, -j = 5*o - 155. Is j prime?
False
Suppose 8*r = 6*r.